{"id":69,"date":"2018-07-02T09:40:03","date_gmt":"2018-07-02T09:40:03","guid":{"rendered":"http:\/\/localhost\/?page_id=69"},"modified":"2022-03-15T09:40:13","modified_gmt":"2022-03-15T08:40:13","slug":"organizers","status":"publish","type":"page","link":"https:\/\/is.ijs.si\/?page_id=69","title":{"rendered":"ORGANIZERS"},"content":{"rendered":"<p class=\"naslovi_strani\"><strong>MAIN ORGANIZER<\/strong><\/p>\n<p>The main organizer is <a class=\"barva_linka\" href=\"https:\/\/dis.ijs.si\/\" target=\"_blank\" rel=\"noopener noreferrer\">Department of Intelligent Systems<\/a> at Jo\u017eef Stefan Institute.<\/p>\n<p class=\"naslovi_strani\"><strong>ORGANIZING COMMITTEE<\/strong><\/p>\n<ul style=\"list-style-type: circle; line-height: 20px;\">\n<li><a href=\"https:\/\/dis.ijs.si\/mezi\/\">Matja\u017e Gams, chair<\/a><\/li>\n<li><a href=\"https:\/\/dis.ijs.si\/mitjal\/\">Mitja Lu\u0161trek<\/a><\/li>\n<li>Lana Zemljak<\/li>\n<li>Vesna Koricki<\/li>\n<li>Mitja Lasi\u010d<\/li>\n<li>Bla\u017e Mahni\u010d<\/li>\n<\/ul>\n","protected":false},"excerpt":{"rendered":"<p>MAIN ORGANIZER The main organizer is Department of Intelligent Systems at Jo\u017eef Stefan Institute. ORGANIZING COMMITTEE Matja\u017e Gams, chair Mitja Lu\u0161trek Lana Zemljak Vesna Koricki Mitja Lasi\u010d Bla\u017e Mahni\u010d<\/p>\n","protected":false},"author":1,"featured_media":0,"parent":0,"menu_order":0,"comment_status":"closed","ping_status":"closed","template":"","meta":{"footnotes":""},"class_list":["post-69","page","type-page","status-publish","hentry"],"_links":{"self":[{"href":"https:\/\/is.ijs.si\/index.php?rest_route=\/wp\/v2\/pages\/69","targetHints":{"allow":["GET"]}}],"collection":[{"href":"https:\/\/is.ijs.si\/index.php?rest_route=\/wp\/v2\/pages"}],"about":[{"href":"https:\/\/is.ijs.si\/index.php?rest_route=\/wp\/v2\/types\/page"}],"author":[{"embeddable":true,"href":"https:\/\/is.ijs.si\/index.php?rest_route=\/wp\/v2\/users\/1"}],"replies":[{"embeddable":true,"href":"https:\/\/is.ijs.si\/index.php?rest_route=%2Fwp%2Fv2%2Fcomments&post=69"}],"version-history":[{"count":25,"href":"https:\/\/is.ijs.si\/index.php?rest_route=\/wp\/v2\/pages\/69\/revisions"}],"predecessor-version":[{"id":15143,"href":"https:\/\/is.ijs.si\/index.php?rest_route=\/wp\/v2\/pages\/69\/revisions\/15143"}],"wp:attachment":[{"href":"https:\/\/is.ijs.si\/index.php?rest_route=%2Fwp%2Fv2%2Fmedia&parent=69"}],"curies":[{"name":"wp","href":"https:\/\/api.w.org\/{rel}","templated":true}]}}