{"id":63,"date":"2018-07-02T09:37:05","date_gmt":"2018-07-02T09:37:05","guid":{"rendered":"http:\/\/localhost\/?page_id=63"},"modified":"2025-04-01T10:43:05","modified_gmt":"2025-04-01T08:43:05","slug":"program-committee","status":"publish","type":"page","link":"https:\/\/is.ijs.si\/?page_id=63","title":{"rendered":"PROGRAM COMMITTEE"},"content":{"rendered":"<table>\n<thead>\n<tr>\n<th colspan=\"2\">\n<p class=\"naslovi_strani\" style=\"text-align: left;\"><strong>INTERNATIONAL PROGRAM COMMITTEE<\/strong><\/p>\n<\/th>\n<th colspan=\"2\">\n<p class=\"naslovi_strani\" style=\"text-align: left;\"><strong>PROGRAM COMMITTEE<\/strong><\/p>\n<\/th>\n<\/tr>\n<\/thead>\n<tbody>\n<tr>\n<td colspan=\"2\" valign=\"top\">\n<ul style=\"list-style-type: circle; line-height: 20px;\">\n<li>Vladimir Bajic, South Africa<\/li>\n<li>Heiner Benking, Germany<\/li>\n<li>Se Woo Cheon, South Korea<\/li>\n<li>Howie Firth, UK<\/li>\n<li>Olga Fomichova, Russia<\/li>\n<li>Vladimir Fomichov, Russia<\/li>\n<li>Vesna Hljuz Dobric, Croatia<\/li>\n<li>Alfred Inselberg, Israel<\/li>\n<li>Jay Liebowitz, USA<\/li>\n<li>Huan Liu, Singapore<\/li>\n<li>Henz Martin, Germany<\/li>\n<li>Marcin Paprzycki, USA<\/li>\n<li>Claude Sammut, Australia<\/li>\n<li>Jiri Wiedermann, Czech Republic<\/li>\n<li>Xindong Wu, USA<\/li>\n<li>Yiming Ye, USA<\/li>\n<li>Ning Zhong, USA<\/li>\n<li>Wray Buntine, Australia<\/li>\n<li>Bezalel Gavish, USA<\/li>\n<li>Gal A. Kaminka, Israel<\/li>\n<li>Mike Bain, Australia<\/li>\n<li>Michela Milano, Italy<\/li>\n<li>Derong Liu, Chicago, USA<\/li>\n<li>Toby Walsh, Australia<\/li>\n<li>Sergio Campos-Cordobes, Spain<\/li>\n<li>Shabnam Farahmand, Finland<\/li>\n<li>Sergio Crovella, Italy<\/li>\n<\/ul>\n<\/td>\n<td colspan=\"2\" valign=\"top\">\n<ul style=\"list-style-type: circle; line-height: 20px;\">\n<li>Mojca Ciglari\u010d, chair<\/li>\n<li>Bojan Orel,<\/li>\n<li>Franc Solina,<\/li>\n<li>Viljan Mahni\u010d,<\/li>\n<li>Cene Bavec,<\/li>\n<li>Toma\u017e Kalin,<\/li>\n<li>Jozsef Gy\u00f6rk\u00f6s,<\/li>\n<li>Tadej Bajd<\/li>\n<li>Jaroslav Berce<\/li>\n<li>Mojca Bernik<\/li>\n<li>Marko Bohanec<\/li>\n<li>Ivan Bratko<\/li>\n<li>Andrej Brodnik<\/li>\n<li>Du\u0161an Caf<\/li>\n<li>Sa\u0161a Divjak<\/li>\n<li>Toma\u017e Erjavec<\/li>\n<li>Bogdan Filipi\u010d<\/li>\n<li>Andrej Gams<\/li>\n<li>Matja\u017e Gams<\/li>\n<li>Mitja Lu\u0161trek<\/li>\n<li>Marko Grobelnik<\/li>\n<li>Nikola Guid<\/li>\n<li>Marjan Heri\u010dko<\/li>\n<li>Borka Jerman Bla\u017ei\u010d D\u017eonova<\/li>\n<li>Gorazd Kandus<\/li>\n<li>Urban Korde\u0161<\/li>\n<li>Marjan Krisper<\/li>\n<li>Andrej Ku\u0161\u010der<\/li>\n<li>Jadran Lenar\u010di\u010d<\/li>\n<li>Borut Likar<\/li>\n<li>Janez Mala\u010di\u010d<\/li>\n<li>Olga Marki\u010d<\/li>\n<li>Dunja Mladeni\u010d<\/li>\n<li>Franc Novak<\/li>\n<li>Vladislav Rajkovi\u010d<\/li>\n<li>Grega Repov\u0161<\/li>\n<li>Ivan Rozman<\/li>\n<li>Niko Schlamberger<\/li>\n<li>Ga\u0161per Slapni\u010dar<\/li>\n<li>Stanko Strm\u010dnik<\/li>\n<li>Jurij \u0160ilc<\/li>\n<li>Jurij Tasi\u010d<\/li>\n<li>Denis Tr\u010dek<\/li>\n<li>Andrej Ule<\/li>\n<li>Bo\u0161tjan Vilfan<\/li>\n<li>Baldomir Zajc<\/li>\n<li>Bla\u017e Zupan<\/li>\n<li>Boris \u017demva<\/li>\n<li>Leon \u017dlajpah<\/li>\n<li>Niko Zimic<\/li>\n<li>Rok Piltaver<\/li>\n<li>Toma Strle<\/li>\n<li>Tine Kolenik<\/li>\n<li>Franci Pivec<\/li>\n<li>Uro\u0161 Rajkovi\u010d<\/li>\n<li>Borut Batagelj<\/li>\n<li>Toma\u017e Ogrin<\/li>\n<li>Ale\u0161 Ude<\/li>\n<li>Bojan Bla\u017eica<\/li>\n<li>Matja\u017e Kljun<\/li>\n<li>Robert Blatnik<\/li>\n<li>Erik Dovgan<\/li>\n<li>\u0160pela Stres<\/li>\n<li>Anton Gradi\u0161ek<\/li>\n<\/ul>\n<\/td>\n<\/tr>\n<\/tbody>\n<\/table>\n","protected":false},"excerpt":{"rendered":"<p>INTERNATIONAL PROGRAM COMMITTEE PROGRAM COMMITTEE Vladimir Bajic, South Africa Heiner Benking, Germany Se Woo Cheon, South Korea Howie Firth, UK Olga Fomichova, Russia Vladimir Fomichov, Russia Vesna Hljuz Dobric, Croatia Alfred Inselberg, Israel Jay Liebowitz, USA Huan Liu, Singapore Henz Martin, Germany Marcin Paprzycki, USA Claude Sammut, Australia Jiri Wiedermann, Czech Republic Xindong Wu, USA Yiming Ye, USA Ning Zhong, USA Wray Buntine, Australia Bezalel Gavish, USA Gal A. Kaminka, Israel Mike Bain, Australia Michela Milano, Italy Derong Liu, Chicago, USA Toby Walsh, Australia Sergio Campos-Cordobes, Spain Shabnam Farahmand, Finland Sergio Crovella, Italy Mojca Ciglari\u010d, chair Bojan Orel, Franc Solina, Viljan Mahni\u010d, Cene Bavec, Toma\u017e Kalin, Jozsef Gy\u00f6rk\u00f6s, Tadej Bajd Jaroslav Berce Mojca Bernik Marko Bohanec Ivan Bratko Andrej Brodnik Du\u0161an Caf Sa\u0161a Divjak Toma\u017e Erjavec Bogdan Filipi\u010d Andrej Gams Matja\u017e Gams Mitja Lu\u0161trek Marko Grobelnik Nikola Guid Marjan Heri\u010dko Borka Jerman Bla\u017ei\u010d D\u017eonova Gorazd Kandus Urban Korde\u0161 Marjan Krisper Andrej Ku\u0161\u010der Jadran Lenar\u010di\u010d Borut Likar Janez Mala\u010di\u010d Olga Marki\u010d Dunja Mladeni\u010d Franc Novak Vladislav Rajkovi\u010d Grega Repov\u0161 Ivan Rozman Niko Schlamberger Ga\u0161per Slapni\u010dar Stanko Strm\u010dnik Jurij \u0160ilc Jurij Tasi\u010d Denis Tr\u010dek Andrej Ule Bo\u0161tjan Vilfan Baldomir Zajc Bla\u017e Zupan Boris \u017demva Leon \u017dlajpah Niko Zimic Rok Piltaver Toma Strle Tine Kolenik Franci Pivec Uro\u0161 Rajkovi\u010d Borut Batagelj Toma\u017e Ogrin Ale\u0161 Ude Bojan Bla\u017eica Matja\u017e Kljun Robert Blatnik Erik Dovgan \u0160pela Stres Anton Gradi\u0161ek<\/p>\n","protected":false},"author":1,"featured_media":0,"parent":0,"menu_order":0,"comment_status":"closed","ping_status":"closed","template":"","meta":{"footnotes":""},"class_list":["post-63","page","type-page","status-publish","hentry"],"_links":{"self":[{"href":"https:\/\/is.ijs.si\/index.php?rest_route=\/wp\/v2\/pages\/63","targetHints":{"allow":["GET"]}}],"collection":[{"href":"https:\/\/is.ijs.si\/index.php?rest_route=\/wp\/v2\/pages"}],"about":[{"href":"https:\/\/is.ijs.si\/index.php?rest_route=\/wp\/v2\/types\/page"}],"author":[{"embeddable":true,"href":"https:\/\/is.ijs.si\/index.php?rest_route=\/wp\/v2\/users\/1"}],"replies":[{"embeddable":true,"href":"https:\/\/is.ijs.si\/index.php?rest_route=%2Fwp%2Fv2%2Fcomments&post=63"}],"version-history":[{"count":16,"href":"https:\/\/is.ijs.si\/index.php?rest_route=\/wp\/v2\/pages\/63\/revisions"}],"predecessor-version":[{"id":25102,"href":"https:\/\/is.ijs.si\/index.php?rest_route=\/wp\/v2\/pages\/63\/revisions\/25102"}],"wp:attachment":[{"href":"https:\/\/is.ijs.si\/index.php?rest_route=%2Fwp%2Fv2%2Fmedia&parent=63"}],"curies":[{"name":"wp","href":"https:\/\/api.w.org\/{rel}","templated":true}]}}