{"id":10827,"date":"2018-10-22T09:24:29","date_gmt":"2018-10-22T07:24:29","guid":{"rendered":"https:\/\/e9-owncloud.ijs.si\/isnew\/?page_id=10827"},"modified":"2024-12-12T12:25:43","modified_gmt":"2024-12-12T11:25:43","slug":"interakcija-clovek-racunalnik-v-informacijski-druzbi-2016","status":"publish","type":"page","link":"https:\/\/is.ijs.si\/?page_id=10827","title":{"rendered":"INTERAKCIJA \u010cLOVEK-RA\u010cUNALNIK V INFORMACIJSKI DRU\u017dBI \/ HUMAN-COMPUTER INTERACTION IN INFORMATION SOCIETY (2016)"},"content":{"rendered":"<div id=\"envira-gallery-wrap-21610\" class=\"envira-gallery-wrap envira-gallery-theme-base envira-lightbox-theme-base\" itemscope itemtype=\"https:\/\/schema.org\/ImageGallery\"><div data-row-height=\"150\" data-gallery-theme=\"normal\" id=\"envira-gallery-21610\" class=\"envira-gallery-public envira-gallery-justified-public envira-gallery-0-columns envira-clear enviratope envira-gallery-css-animations\" data-envira-columns=\"0\"><div id=\"envira-gallery-item-21611\" class=\"envira-gallery-item enviratope-item envira-gallery-item-1 envira-lazy-load\" style=\"padding-left: 5px; padding-bottom: 10px; padding-right: 5px;\"  itemscope itemtype=\"https:\/\/schema.org\/ImageObject\"><div class=\"envira-gallery-item-inner\"><div class=\"envira-gallery-position-overlay  envira-gallery-top-left\"><\/div><div class=\"envira-gallery-position-overlay  envira-gallery-top-right\"><\/div><div class=\"envira-gallery-position-overlay  envira-gallery-bottom-left\"><\/div><div class=\"envira-gallery-position-overlay  envira-gallery-bottom-right\"><\/div><a href=\"https:\/\/is.ijs.si\/wp-content\/uploads\/2024\/12\/IMG_6267.jpg\" class=\"envira-gallery-21610 envira-gallery-link\" rel=\"enviragallery21610\" title=\"IMG_6267\" data-envira-caption=\"IMG_6267\" data-envira-retina=\"\" data-thumbnail=\"\"  itemprop=\"contentUrl\"><img decoding=\"async\" id=\"envira-gallery-image-21611\" class=\"envira-gallery-image envira-gallery-image-1 envira-normal envira-lazy\" data-envira-index=\"1\" src=\"https:\/\/is.ijs.si\/wp-content\/uploads\/2024\/12\/IMG_6267-1024x683-640x480.jpg\" data-envira-src=\"https:\/\/is.ijs.si\/wp-content\/uploads\/2024\/12\/IMG_6267-1024x683-640x480.jpg\" data-envira-gallery-id=\"21610\" data-envira-item-id=\"21611\" data-envira-caption=\"IMG_6267\" alt=\"\" title=\"IMG_6267\"  itemprop=\"thumbnailUrl\" data-envira-srcset=\"https:\/\/is.ijs.si\/wp-content\/uploads\/2024\/12\/IMG_6267-1024x683-640x480.jpg 400w,https:\/\/is.ijs.si\/wp-content\/uploads\/2024\/12\/IMG_6267-1024x683-640x480.jpg 2x\" data-envira-width=\"300\" data-envira-height=\"200\" srcset=\"data:image\/gif;base64,R0lGODlhAQABAIAAAP\/\/\/\/\/\/\/yH5BAEKAAEALAAAAAABAAEAAAICTAEAOw==\" data-safe-src=\"data:image\/gif;base64,R0lGODlhAQABAIAAAP\/\/\/\/\/\/\/yH5BAEKAAEALAAAAAABAAEAAAICTAEAOw==\" \/><\/a><\/div><\/div><div id=\"envira-gallery-item-21612\" class=\"envira-gallery-item enviratope-item envira-gallery-item-2 envira-lazy-load\" style=\"padding-left: 5px; padding-bottom: 10px; padding-right: 5px;\"  itemscope itemtype=\"https:\/\/schema.org\/ImageObject\"><div class=\"envira-gallery-item-inner\"><div class=\"envira-gallery-position-overlay  envira-gallery-top-left\"><\/div><div class=\"envira-gallery-position-overlay  envira-gallery-top-right\"><\/div><div class=\"envira-gallery-position-overlay  envira-gallery-bottom-left\"><\/div><div class=\"envira-gallery-position-overlay  envira-gallery-bottom-right\"><\/div><a href=\"https:\/\/is.ijs.si\/wp-content\/uploads\/2024\/12\/IMG_6268.jpg\" class=\"envira-gallery-21610 envira-gallery-link\" rel=\"enviragallery21610\" title=\"IMG_6268\" data-envira-caption=\"IMG_6268\" data-envira-retina=\"\" data-thumbnail=\"\"  itemprop=\"contentUrl\"><img decoding=\"async\" id=\"envira-gallery-image-21612\" class=\"envira-gallery-image envira-gallery-image-2 envira-normal envira-lazy\" data-envira-index=\"2\" src=\"https:\/\/is.ijs.si\/wp-content\/uploads\/2024\/12\/IMG_6268-1024x683-640x480.jpg\" data-envira-src=\"https:\/\/is.ijs.si\/wp-content\/uploads\/2024\/12\/IMG_6268-1024x683-640x480.jpg\" data-envira-gallery-id=\"21610\" data-envira-item-id=\"21612\" data-envira-caption=\"IMG_6268\" alt=\"\" title=\"IMG_6268\"  itemprop=\"thumbnailUrl\" data-envira-srcset=\"https:\/\/is.ijs.si\/wp-content\/uploads\/2024\/12\/IMG_6268-1024x683-640x480.jpg 400w,https:\/\/is.ijs.si\/wp-content\/uploads\/2024\/12\/IMG_6268-1024x683-640x480.jpg 2x\" data-envira-width=\"300\" data-envira-height=\"200\" srcset=\"data:image\/gif;base64,R0lGODlhAQABAIAAAP\/\/\/\/\/\/\/yH5BAEKAAEALAAAAAABAAEAAAICTAEAOw==\" data-safe-src=\"data:image\/gif;base64,R0lGODlhAQABAIAAAP\/\/\/\/\/\/\/yH5BAEKAAEALAAAAAABAAEAAAICTAEAOw==\" \/><\/a><\/div><\/div><div id=\"envira-gallery-item-21613\" class=\"envira-gallery-item enviratope-item envira-gallery-item-3 envira-lazy-load\" style=\"padding-left: 5px; padding-bottom: 10px; padding-right: 5px;\"  itemscope itemtype=\"https:\/\/schema.org\/ImageObject\"><div class=\"envira-gallery-item-inner\"><div class=\"envira-gallery-position-overlay  envira-gallery-top-left\"><\/div><div class=\"envira-gallery-position-overlay  envira-gallery-top-right\"><\/div><div class=\"envira-gallery-position-overlay  envira-gallery-bottom-left\"><\/div><div class=\"envira-gallery-position-overlay  envira-gallery-bottom-right\"><\/div><a href=\"https:\/\/is.ijs.si\/wp-content\/uploads\/2024\/12\/IMG_6269.jpg\" class=\"envira-gallery-21610 envira-gallery-link\" rel=\"enviragallery21610\" title=\"IMG_6269\" data-envira-caption=\"IMG_6269\" data-envira-retina=\"\" data-thumbnail=\"\"  itemprop=\"contentUrl\"><img decoding=\"async\" id=\"envira-gallery-image-21613\" class=\"envira-gallery-image envira-gallery-image-3 envira-normal envira-lazy\" data-envira-index=\"3\" src=\"https:\/\/is.ijs.si\/wp-content\/uploads\/2024\/12\/IMG_6269-1024x683-640x480.jpg\" data-envira-src=\"https:\/\/is.ijs.si\/wp-content\/uploads\/2024\/12\/IMG_6269-1024x683-640x480.jpg\" data-envira-gallery-id=\"21610\" data-envira-item-id=\"21613\" data-envira-caption=\"IMG_6269\" alt=\"\" title=\"IMG_6269\"  itemprop=\"thumbnailUrl\" data-envira-srcset=\"https:\/\/is.ijs.si\/wp-content\/uploads\/2024\/12\/IMG_6269-1024x683-640x480.jpg 400w,https:\/\/is.ijs.si\/wp-content\/uploads\/2024\/12\/IMG_6269-1024x683-640x480.jpg 2x\" data-envira-width=\"300\" data-envira-height=\"200\" srcset=\"data:image\/gif;base64,R0lGODlhAQABAIAAAP\/\/\/\/\/\/\/yH5BAEKAAEALAAAAAABAAEAAAICTAEAOw==\" data-safe-src=\"data:image\/gif;base64,R0lGODlhAQABAIAAAP\/\/\/\/\/\/\/yH5BAEKAAEALAAAAAABAAEAAAICTAEAOw==\" \/><\/a><\/div><\/div><div id=\"envira-gallery-item-21614\" class=\"envira-gallery-item enviratope-item envira-gallery-item-4 envira-lazy-load\" style=\"padding-left: 5px; padding-bottom: 10px; padding-right: 5px;\"  itemscope itemtype=\"https:\/\/schema.org\/ImageObject\"><div class=\"envira-gallery-item-inner\"><div class=\"envira-gallery-position-overlay  envira-gallery-top-left\"><\/div><div class=\"envira-gallery-position-overlay  envira-gallery-top-right\"><\/div><div class=\"envira-gallery-position-overlay  envira-gallery-bottom-left\"><\/div><div class=\"envira-gallery-position-overlay  envira-gallery-bottom-right\"><\/div><a href=\"https:\/\/is.ijs.si\/wp-content\/uploads\/2024\/12\/IMG_6270.jpg\" class=\"envira-gallery-21610 envira-gallery-link\" rel=\"enviragallery21610\" title=\"IMG_6270\" data-envira-caption=\"IMG_6270\" data-envira-retina=\"\" data-thumbnail=\"\"  itemprop=\"contentUrl\"><img decoding=\"async\" id=\"envira-gallery-image-21614\" class=\"envira-gallery-image envira-gallery-image-4 envira-normal envira-lazy\" data-envira-index=\"4\" src=\"https:\/\/is.ijs.si\/wp-content\/uploads\/2024\/12\/IMG_6270-1024x683-640x480.jpg\" data-envira-src=\"https:\/\/is.ijs.si\/wp-content\/uploads\/2024\/12\/IMG_6270-1024x683-640x480.jpg\" data-envira-gallery-id=\"21610\" data-envira-item-id=\"21614\" data-envira-caption=\"IMG_6270\" alt=\"\" title=\"IMG_6270\"  itemprop=\"thumbnailUrl\" data-envira-srcset=\"https:\/\/is.ijs.si\/wp-content\/uploads\/2024\/12\/IMG_6270-1024x683-640x480.jpg 400w,https:\/\/is.ijs.si\/wp-content\/uploads\/2024\/12\/IMG_6270-1024x683-640x480.jpg 2x\" data-envira-width=\"300\" data-envira-height=\"200\" srcset=\"data:image\/gif;base64,R0lGODlhAQABAIAAAP\/\/\/\/\/\/\/yH5BAEKAAEALAAAAAABAAEAAAICTAEAOw==\" data-safe-src=\"data:image\/gif;base64,R0lGODlhAQABAIAAAP\/\/\/\/\/\/\/yH5BAEKAAEALAAAAAABAAEAAAICTAEAOw==\" \/><\/a><\/div><\/div><div id=\"envira-gallery-item-21615\" class=\"envira-gallery-item enviratope-item envira-gallery-item-5 envira-lazy-load\" style=\"padding-left: 5px; padding-bottom: 10px; padding-right: 5px;\"  itemscope itemtype=\"https:\/\/schema.org\/ImageObject\"><div class=\"envira-gallery-item-inner\"><div class=\"envira-gallery-position-overlay  envira-gallery-top-left\"><\/div><div class=\"envira-gallery-position-overlay  envira-gallery-top-right\"><\/div><div class=\"envira-gallery-position-overlay  envira-gallery-bottom-left\"><\/div><div class=\"envira-gallery-position-overlay  envira-gallery-bottom-right\"><\/div><a href=\"https:\/\/is.ijs.si\/wp-content\/uploads\/2024\/12\/IMG_6271.jpg\" class=\"envira-gallery-21610 envira-gallery-link\" rel=\"enviragallery21610\" title=\"IMG_6271\" data-envira-caption=\"IMG_6271\" data-envira-retina=\"\" data-thumbnail=\"\"  itemprop=\"contentUrl\"><img decoding=\"async\" id=\"envira-gallery-image-21615\" class=\"envira-gallery-image envira-gallery-image-5 envira-normal envira-lazy\" data-envira-index=\"5\" src=\"https:\/\/is.ijs.si\/wp-content\/uploads\/2024\/12\/IMG_6271-1024x683-640x480.jpg\" data-envira-src=\"https:\/\/is.ijs.si\/wp-content\/uploads\/2024\/12\/IMG_6271-1024x683-640x480.jpg\" data-envira-gallery-id=\"21610\" data-envira-item-id=\"21615\" data-envira-caption=\"IMG_6271\" alt=\"\" title=\"IMG_6271\"  itemprop=\"thumbnailUrl\" data-envira-srcset=\"https:\/\/is.ijs.si\/wp-content\/uploads\/2024\/12\/IMG_6271-1024x683-640x480.jpg 400w,https:\/\/is.ijs.si\/wp-content\/uploads\/2024\/12\/IMG_6271-1024x683-640x480.jpg 2x\" data-envira-width=\"300\" data-envira-height=\"200\" srcset=\"data:image\/gif;base64,R0lGODlhAQABAIAAAP\/\/\/\/\/\/\/yH5BAEKAAEALAAAAAABAAEAAAICTAEAOw==\" data-safe-src=\"data:image\/gif;base64,R0lGODlhAQABAIAAAP\/\/\/\/\/\/\/yH5BAEKAAEALAAAAAABAAEAAAICTAEAOw==\" \/><\/a><\/div><\/div><div id=\"envira-gallery-item-21616\" class=\"envira-gallery-item enviratope-item envira-gallery-item-6 envira-lazy-load\" style=\"padding-left: 5px; padding-bottom: 10px; padding-right: 5px;\"  itemscope itemtype=\"https:\/\/schema.org\/ImageObject\"><div class=\"envira-gallery-item-inner\"><div class=\"envira-gallery-position-overlay  envira-gallery-top-left\"><\/div><div class=\"envira-gallery-position-overlay  envira-gallery-top-right\"><\/div><div class=\"envira-gallery-position-overlay  envira-gallery-bottom-left\"><\/div><div class=\"envira-gallery-position-overlay  envira-gallery-bottom-right\"><\/div><a href=\"https:\/\/is.ijs.si\/wp-content\/uploads\/2024\/12\/IMG_6272.jpg\" class=\"envira-gallery-21610 envira-gallery-link\" rel=\"enviragallery21610\" title=\"IMG_6272\" data-envira-caption=\"IMG_6272\" data-envira-retina=\"\" data-thumbnail=\"\"  itemprop=\"contentUrl\"><img decoding=\"async\" id=\"envira-gallery-image-21616\" class=\"envira-gallery-image envira-gallery-image-6 envira-normal envira-lazy\" data-envira-index=\"6\" src=\"https:\/\/is.ijs.si\/wp-content\/uploads\/2024\/12\/IMG_6272-1024x683-640x480.jpg\" data-envira-src=\"https:\/\/is.ijs.si\/wp-content\/uploads\/2024\/12\/IMG_6272-1024x683-640x480.jpg\" data-envira-gallery-id=\"21610\" data-envira-item-id=\"21616\" data-envira-caption=\"IMG_6272\" alt=\"\" title=\"IMG_6272\"  itemprop=\"thumbnailUrl\" data-envira-srcset=\"https:\/\/is.ijs.si\/wp-content\/uploads\/2024\/12\/IMG_6272-1024x683-640x480.jpg 400w,https:\/\/is.ijs.si\/wp-content\/uploads\/2024\/12\/IMG_6272-1024x683-640x480.jpg 2x\" data-envira-width=\"300\" data-envira-height=\"200\" srcset=\"data:image\/gif;base64,R0lGODlhAQABAIAAAP\/\/\/\/\/\/\/yH5BAEKAAEALAAAAAABAAEAAAICTAEAOw==\" data-safe-src=\"data:image\/gif;base64,R0lGODlhAQABAIAAAP\/\/\/\/\/\/\/yH5BAEKAAEALAAAAAABAAEAAAICTAEAOw==\" \/><\/a><\/div><\/div><div id=\"envira-gallery-item-21617\" class=\"envira-gallery-item enviratope-item envira-gallery-item-7 envira-lazy-load\" style=\"padding-left: 5px; padding-bottom: 10px; padding-right: 5px;\"  itemscope itemtype=\"https:\/\/schema.org\/ImageObject\"><div class=\"envira-gallery-item-inner\"><div class=\"envira-gallery-position-overlay  envira-gallery-top-left\"><\/div><div class=\"envira-gallery-position-overlay  envira-gallery-top-right\"><\/div><div class=\"envira-gallery-position-overlay  envira-gallery-bottom-left\"><\/div><div class=\"envira-gallery-position-overlay  envira-gallery-bottom-right\"><\/div><a href=\"https:\/\/is.ijs.si\/wp-content\/uploads\/2024\/12\/IMG_6273.jpg\" class=\"envira-gallery-21610 envira-gallery-link\" rel=\"enviragallery21610\" title=\"IMG_6273\" data-envira-caption=\"IMG_6273\" data-envira-retina=\"\" data-thumbnail=\"\"  itemprop=\"contentUrl\"><img decoding=\"async\" id=\"envira-gallery-image-21617\" class=\"envira-gallery-image envira-gallery-image-7 envira-normal envira-lazy\" data-envira-index=\"7\" src=\"https:\/\/is.ijs.si\/wp-content\/uploads\/2024\/12\/IMG_6273-1024x683-640x480.jpg\" data-envira-src=\"https:\/\/is.ijs.si\/wp-content\/uploads\/2024\/12\/IMG_6273-1024x683-640x480.jpg\" data-envira-gallery-id=\"21610\" data-envira-item-id=\"21617\" data-envira-caption=\"IMG_6273\" alt=\"\" title=\"IMG_6273\"  itemprop=\"thumbnailUrl\" data-envira-srcset=\"https:\/\/is.ijs.si\/wp-content\/uploads\/2024\/12\/IMG_6273-1024x683-640x480.jpg 400w,https:\/\/is.ijs.si\/wp-content\/uploads\/2024\/12\/IMG_6273-1024x683-640x480.jpg 2x\" data-envira-width=\"300\" data-envira-height=\"200\" srcset=\"data:image\/gif;base64,R0lGODlhAQABAIAAAP\/\/\/\/\/\/\/yH5BAEKAAEALAAAAAABAAEAAAICTAEAOw==\" data-safe-src=\"data:image\/gif;base64,R0lGODlhAQABAIAAAP\/\/\/\/\/\/\/yH5BAEKAAEALAAAAAABAAEAAAICTAEAOw==\" \/><\/a><\/div><\/div><\/div><\/div><noscript><img decoding=\"async\" src=\"https:\/\/is.ijs.si\/wp-content\/uploads\/2024\/12\/IMG_6267.jpg\" alt=\"\" \/><img decoding=\"async\" src=\"https:\/\/is.ijs.si\/wp-content\/uploads\/2024\/12\/IMG_6268.jpg\" alt=\"\" \/><img decoding=\"async\" src=\"https:\/\/is.ijs.si\/wp-content\/uploads\/2024\/12\/IMG_6269.jpg\" alt=\"\" \/><img decoding=\"async\" src=\"https:\/\/is.ijs.si\/wp-content\/uploads\/2024\/12\/IMG_6270.jpg\" alt=\"\" \/><img decoding=\"async\" src=\"https:\/\/is.ijs.si\/wp-content\/uploads\/2024\/12\/IMG_6271.jpg\" alt=\"\" \/><img decoding=\"async\" src=\"https:\/\/is.ijs.si\/wp-content\/uploads\/2024\/12\/IMG_6272.jpg\" alt=\"\" \/><img decoding=\"async\" src=\"https:\/\/is.ijs.si\/wp-content\/uploads\/2024\/12\/IMG_6273.jpg\" alt=\"\" \/><\/noscript>\n","protected":false},"excerpt":{"rendered":"","protected":false},"author":1,"featured_media":0,"parent":0,"menu_order":0,"comment_status":"closed","ping_status":"closed","template":"","meta":{"footnotes":""},"class_list":["post-10827","page","type-page","status-publish","hentry"],"_links":{"self":[{"href":"https:\/\/is.ijs.si\/index.php?rest_route=\/wp\/v2\/pages\/10827","targetHints":{"allow":["GET"]}}],"collection":[{"href":"https:\/\/is.ijs.si\/index.php?rest_route=\/wp\/v2\/pages"}],"about":[{"href":"https:\/\/is.ijs.si\/index.php?rest_route=\/wp\/v2\/types\/page"}],"author":[{"embeddable":true,"href":"https:\/\/is.ijs.si\/index.php?rest_route=\/wp\/v2\/users\/1"}],"replies":[{"embeddable":true,"href":"https:\/\/is.ijs.si\/index.php?rest_route=%2Fwp%2Fv2%2Fcomments&post=10827"}],"version-history":[{"count":3,"href":"https:\/\/is.ijs.si\/index.php?rest_route=\/wp\/v2\/pages\/10827\/revisions"}],"predecessor-version":[{"id":21618,"href":"https:\/\/is.ijs.si\/index.php?rest_route=\/wp\/v2\/pages\/10827\/revisions\/21618"}],"wp:attachment":[{"href":"https:\/\/is.ijs.si\/index.php?rest_route=%2Fwp%2Fv2%2Fmedia&parent=10827"}],"curies":[{"name":"wp","href":"https:\/\/api.w.org\/{rel}","templated":true}]}}